the prime factors of 1490666?
2, 31, 24043
List the prime factors of 10131334.
2, 433, 11699
What are the prime factors of 58233?
3, 7, 47, 59
What are the prime factors of 290414?
2, 145207
List the prime factors of 15432.
2, 3, 643
List the prime factors of 35257.
35257
List the prime factors of 1172590.
2, 5, 117259
List the prime factors of 6998747.
7, 17, 103, 571
What are the prime factors of 529858?
2, 7, 37847
What are the prime factors of 999296?
2, 37, 211
What are the prime factors of 168185?
5, 33637
List the prime factors of 960609.
3, 13, 24631
List the prime factors of 909332.
2, 463, 491
List the prime factors of 1492618.
2, 746309
List the prime factors of 92162.
2, 7, 29, 227
List the prime factors of 6294101.
11, 409, 1399
List the prime factors of 2139335.
5, 11, 97, 401
What are the prime factors of 2245494?
2, 3, 263, 1423
What are the prime factors of 368153?
368153
What are the prime factors of 374796?
2, 3, 29, 359
What are the prime factors of 63372?
2, 3, 5281
What are the prime factors of 9188629?
9188629
List the prime factors of 463690.
2, 5, 89, 521
List the prime factors of 8046710.
2, 5, 7, 139, 827
List the prime factors of 6559.
7, 937
List the prime factors of 379682.
2, 229, 829
What are the prime factors of 14530339?
14530339
What are the prime factors of 23442?
2, 3, 3907
List the prime factors of 9832848.
2, 3, 127, 1613
List the prime factors of 926116.
2, 231529
What are the prime factors of 28203491?
313, 90107
What are the prime factors of 6482455?
5, 7, 26459
List the prime factors of 148374.
2, 3, 8243
List the prime factors of 7613242.
2, 7, 13, 59, 709
What are the prime factors of 1348525?
5, 17, 19, 167
What are the prime factors of 12862531?
11, 59, 19819
What are the prime factors of 162450?
2, 3, 5, 19
List the prime factors of 204769.
23, 29, 307
List the prime factors of 2825743.
31, 91153
What are the prime factors of 581886?
2, 3, 32327
What are the prime factors of 11304292?
2, 2826073
What are the prime factors of 11647?
19, 613
What are the prime factors of 944463?
3, 13, 61, 397
What are the prime factors of 44647?
44647
What are the prime factors of 90910?
2, 5, 9091
List the prime factors of 383846.
2, 281, 683
What are the prime factors of 6965859?
3, 41, 56633
What are the prime factors of 125535?
3, 5, 8369
List the prime factors of 2833589.
11, 313, 823
List the prime factors of 18138056.
2, 2267257
List the prime factors of 2468760.
2, 3, 5, 7, 2939
List the prime factors of 155637.
3, 17293
What are the prime factors of 165916?
2, 41479
What are the prime factors of 13379522?
2, 13, 269, 1913
What are the prime factors of 2100011?
2100011
List the prime factors of 3759696.
2, 3, 967
What are the prime factors of 457941?
3, 11, 13877
What are the prime factors of 3414910?
2, 5, 341491
What are the prime factors of 231122?
2, 115561
List the prime factors of 38939317.
31, 1256107
List the prime factors of 506734.
2, 253367
What are the prime factors of 22462008?
2, 3, 29, 59, 547
List the prime factors of 29957.
29, 1033
List the prime factors of 862639.
59, 14621
What are the prime factors of 219829?
219829
List the prime factors of 1759824.
2, 3, 11, 101
List the prime factors of 17901526.
2, 29, 367
What are the prime factors of 6553610?
2, 5, 7, 251, 373
List the prime factors of 118200.
2, 3, 5, 197
List the prime factors of 98212.
2, 43, 571
What are the prime factors of 62812?
2, 41, 383
What are the prime factors of 2387652?
2, 3, 198971
What are the prime factors of 395559?
3, 43951
List the prime factors of 39750748.
2, 43, 231109
What are the prime factors of 2158070?
2, 5, 67, 3221
What are the prime factors of 142326?
2, 3, 7907
List the prime factors of 6680730.
2, 3, 5, 7, 29, 1097
List the prime factors of 249972.
2, 3, 37, 563
What are the prime factors of 156764?
2, 39191
What are the prime factors of 55648?
2, 37, 47
What are the prime factors of 7191855?
3, 5, 11, 29, 167
List the prime factors of 183989.
13, 14153
List the prime factors of 37083.
3, 47, 263
List the prime factors of 1704673.
1704673
What are the prime factors of 264317?
101, 2617
List the prime factors of 366.
2, 3, 61
What are the prime factors of 9544225?
5, 17, 1321
List the prime factors of 301097.
211, 1427
List the prime factors of 2031426.
2, 3, 37619
What are the prime factors of 6850322?
2, 29, 83, 1423
List the prime factors of 913861.
13, 70297
What are the prime factors of 7370051?
13, 23, 157
What are the prime factors of 1039625?
5, 8317
List the prime factors of 558514.
2, 11, 53, 479
What are the prime factors of 3084300?
2, 3, 5, 23, 149
List the prime factors of 17058659.
43, 396713
What are the prime factors of 661653?
3, 73517
What are the prime factors of 264983?
23, 41, 281
List the prime factors of 479786.
2, 239893
What are the prime factors of 9901123?
17, 582419
List the prime factors of 350477.
67, 5231
What are the prime factors of 8795818?
2, 4397909
List the prime factors of 11096563.
17, 652739
What are the prime factors of 371719?
371719
What are the prime factors of 1260905?
5, 252181
List the prime factors of 777940.
2, 5, 97, 401
List the prime factors of 598516.
2, 149629
What are the prime factors of 3010509?
3, 167, 2003
What are the prime factors of 3177439?
997, 3187
List the prime factors of 774278.
2, 47, 8237
List the prime factors of 1303099.
7, 186157
List the prime factors of 130650.
2, 3, 5, 13, 67
What are the prime factors of 83990?
2, 5, 37, 227
List the prime factors of 863262.
2, 3, 199, 241
What are the prime factors of 15191742?
2, 3, 149, 16993
List the prime factors of 673042.
2, 336521
What are the prime factors of 644185?
5, 128837
List the prime factors of 32608.
2, 1019
List the prime factors of 304398.
2, 3, 1879
List the prime factors of 3201994.
2, 19, 84263
What are the prime factors of 13704241?
13704241
List the prime factors of 148005.
3, 5, 11, 13, 23
List the prime factors of 11388799.
53, 214883
List the prime factors of 287182.
2, 7, 73, 281
What are the prime factors of 173782?
2, 7, 12413
List the prime factors of 579028.
2, 144757
What are the prime factors of 41217?
3, 11, 1249
What are the prime factors of 81931?
81931
What are the prime factors of 2168342?
2, 11, 98561
List the prime factors of 65697.
3, 61, 359
What are the prime factors of 21030829?
29, 725201
List the prime factors of 3554277.
3, 1184759
List the prime factors of 232110.
2, 3, 5, 2579
What are the prime factors of 731052?
2, 3, 7, 967
List the prime factors of 3971733.
3, 107, 12373
What are the prime factors of 7555343?
149, 50707
What are the prime factors of 89071?
89071
What are the prime factors of 155355?
3, 5, 10357
What are the prime factors of 3320967?
3, 13, 17, 5009
List the prime factors of 95009.
95009
List the prime factors of 401495.
5, 59, 1361
What are the prime factors of 774532?
2, 11, 29, 607
List the prime factors of 216897.
3, 197, 367
What are the prime factors of 271689?
3, 11, 8233
List the prime factors of 154210.
2, 5, 7, 2203
What are the prime factors of 793470?
2, 3, 5, 26449
What are the prime factors of 4865244?
2, 3, 405437
What are the prime factors of 4684227?
3, 97, 16097
List the prime factors of 814969.
101, 8069
What are the prime factors of 398473?
398473
List the prime factors of 9093150.
2, 3, 5, 11, 167
List the prime factors of 5417861.
1997, 2713
List the prime factors of 380092.
2, 167, 569
List the prime factors of 641596.
2, 29, 5531
What are the prime factors of 9978377?
67, 148931
List the prime factors of 211508.
2, 11, 19, 23
List the prime factors of 1859680.
2, 5, 59, 197
List the prime factors of 3259154.
2, 31, 52567
What are the prime factors of 1562?
2, 11, 71
List the prime factors of 1347289.
1347289
List the prime factors of 23910894.
2, 3, 7, 109, 1741
What are the prime factors of 769331?
173, 4447
List the prime factors of 660480.
2, 3, 5, 43
What are the prime factors of 12378043?
12378043
What are the prime factors of 2888700?
2, 3, 5, 9629
What are the prime factors of 343083?
3, 13, 19, 463
What are the prime factors of 8617461?
3, 691, 4157
List the prime factors of 296187.
3, 98729
What are the prime factors of 1955835?
3, 5, 7, 887
List the prime factors of 200854.
2, 29